{"id":405,"date":"2026-04-23T18:58:42","date_gmt":"2026-04-23T18:58:42","guid":{"rendered":"https:\/\/plocegateway.com.hr\/?page_id=405"},"modified":"2026-04-23T21:20:58","modified_gmt":"2026-04-23T21:20:58","slug":"modro-oko","status":"publish","type":"page","link":"https:\/\/plocegateway.com.hr\/?page_id=405","title":{"rendered":"Modro oko"},"content":{"rendered":"\t\t<div data-elementor-type=\"wp-page\" data-elementor-id=\"405\" class=\"elementor elementor-405\">\n\t\t\t\t<div class=\"elementor-element elementor-element-b0110cd e-flex e-con-boxed e-con e-parent\" data-id=\"b0110cd\" data-element_type=\"container\" data-e-type=\"container\">\n\t\t\t\t\t<div class=\"e-con-inner\">\n\t\t\t\t<div class=\"elementor-element elementor-element-d644603 elementor-widget elementor-widget-html\" data-id=\"d644603\" data-element_type=\"widget\" data-e-type=\"widget\" data-widget_type=\"html.default\">\n\t\t\t\t\t<audio class=\"wp-audio-shortcode\" id=\"audio-405-1\" preload=\"none\" style=\"width: 100%;\" controls=\"controls\"><source type=\"audio\/mpeg\" src=\"http:\/\/plocegateway.com.hr\/wp-content\/uploads\/2026\/04\/modro_oko.mp3?_=1\" \/><a href=\"http:\/\/plocegateway.com.hr\/wp-content\/uploads\/2026\/04\/modro_oko.mp3\">http:\/\/plocegateway.com.hr\/wp-content\/uploads\/2026\/04\/modro_oko.mp3<\/a><\/audio>\t\t\t\t<\/div>\n\t\t\t\t\t<\/div>\n\t\t\t\t<\/div>\n\t\t<div class=\"elementor-element elementor-element-50f7043 e-flex e-con-boxed e-con e-parent\" data-id=\"50f7043\" data-element_type=\"container\" data-e-type=\"container\">\n\t\t\t\t\t<div class=\"e-con-inner\">\n\t\t\t\t<div class=\"elementor-element elementor-element-a239c28 elementor-widget elementor-widget-text-editor\" data-id=\"a239c28\" data-element_type=\"widget\" data-e-type=\"widget\" data-widget_type=\"text-editor.default\">\n\t\t\t\t\t\t\t\t\t<p>MODRO OKO<\/p><p>Modro oko je prirodni dragulj smje\u0161ten u srcu doline Neretve izme\u0111u mjesta Desne i Banja. Ovaj jedinstveni izvor, poznat po svojoj kristalno \u010distoj vodi i intenzivnoj plavoj boji, jedno je od najposebnijih mjesta koje mo\u017eete posjetiti tijekom boravka u ovom kraju. Modro oko nastaje iz sna\u017enog podzemnog izvora koji izbija na povr\u0161inu stvaraju\u0107i mali, ali izuzetno slikovit bazen okru\u017een zelenilom i mirnom prirodom. Le\u017ei u ponikvi, na morskoj razini; duboko do 18,3 m. Oko 350 m dugim i 3,5 m \u0161irokim kanalom povezano je s jezerom Desne (Jezero).<\/p><p>Voda je iznimno hladna i bistra, a njezina boja mijenja se ovisno o polo\u017eaju sunca, \u0161to stvara prizore koji odu\u0161evljavaju fotografe i ljubitelje prirode. Dubina izvora nije u potpunosti istra\u017eena, \u0161to mu daje dodatnu dozu mistike i privla\u010dnosti. Lokalno stanovni\u0161tvo \u010desto ga opisuje kao \u201eoko prirode\u201c koje bdije nad dolinom.<\/p><p>Do Modrog oka vodi kratka, ugodna \u0161etnja, pogodna za sve uzraste. Posjetitelji ovdje mogu u\u017eivati u ti\u0161ini, promatrati bogati biljni svijet ili jednostavno zastati i osjetiti mir koji ovo mjesto pru\u017ea. Nadamo se da \u0107e Modro oko postati jedna od va\u0161ih najljep\u0161ih uspomena s putovanja kroz dolinu Neretve.<\/p>\t\t\t\t\t\t\t\t<\/div>\n\t\t\t\t\t<\/div>\n\t\t\t\t<\/div>\n\t\t\t\t<\/div>\n\t\t","protected":false},"excerpt":{"rendered":"<p>MODRO OKO Modro oko je prirodni dragulj smje\u0161ten u srcu doline Neretve izme\u0111u mjesta Desne i Banja. Ovaj jedinstveni izvor, [&hellip;]<\/p>\n","protected":false},"author":1,"featured_media":0,"parent":0,"menu_order":0,"comment_status":"closed","ping_status":"closed","template":"","meta":{"site-sidebar-layout":"no-sidebar","site-content-layout":"","ast-site-content-layout":"full-width-container","site-content-style":"default","site-sidebar-style":"default","ast-global-header-display":"","ast-banner-title-visibility":"","ast-main-header-display":"","ast-hfb-above-header-display":"","ast-hfb-below-header-display":"","ast-hfb-mobile-header-display":"","site-post-title":"disabled","ast-breadcrumbs-content":"","ast-featured-img":"disabled","footer-sml-layout":"","ast-disable-related-posts":"","theme-transparent-header-meta":"","adv-header-id-meta":"","stick-header-meta":"","header-above-stick-meta":"","header-main-stick-meta":"","header-below-stick-meta":"","astra-migrate-meta-layouts":"default","ast-page-background-enabled":"default","ast-page-background-meta":{"desktop":{"background-color":"var(--ast-global-color-5)","background-image":"","background-repeat":"repeat","background-position":"center center","background-size":"auto","background-attachment":"scroll","background-type":"","background-media":"","overlay-type":"","overlay-color":"","overlay-opacity":"","overlay-gradient":""},"tablet":{"background-color":"","background-image":"","background-repeat":"repeat","background-position":"center center","background-size":"auto","background-attachment":"scroll","background-type":"","background-media":"","overlay-type":"","overlay-color":"","overlay-opacity":"","overlay-gradient":""},"mobile":{"background-color":"","background-image":"","background-repeat":"repeat","background-position":"center center","background-size":"auto","background-attachment":"scroll","background-type":"","background-media":"","overlay-type":"","overlay-color":"","overlay-opacity":"","overlay-gradient":""}},"ast-content-background-meta":{"desktop":{"background-color":"var(--ast-global-color-4)","background-image":"","background-repeat":"repeat","background-position":"center center","background-size":"auto","background-attachment":"scroll","background-type":"","background-media":"","overlay-type":"","overlay-color":"","overlay-opacity":"","overlay-gradient":""},"tablet":{"background-color":"var(--ast-global-color-4)","background-image":"","background-repeat":"repeat","background-position":"center center","background-size":"auto","background-attachment":"scroll","background-type":"","background-media":"","overlay-type":"","overlay-color":"","overlay-opacity":"","overlay-gradient":""},"mobile":{"background-color":"var(--ast-global-color-4)","background-image":"","background-repeat":"repeat","background-position":"center center","background-size":"auto","background-attachment":"scroll","background-type":"","background-media":"","overlay-type":"","overlay-color":"","overlay-opacity":"","overlay-gradient":""}},"footnotes":""},"class_list":["post-405","page","type-page","status-publish","hentry"],"_links":{"self":[{"href":"https:\/\/plocegateway.com.hr\/index.php?rest_route=\/wp\/v2\/pages\/405","targetHints":{"allow":["GET"]}}],"collection":[{"href":"https:\/\/plocegateway.com.hr\/index.php?rest_route=\/wp\/v2\/pages"}],"about":[{"href":"https:\/\/plocegateway.com.hr\/index.php?rest_route=\/wp\/v2\/types\/page"}],"author":[{"embeddable":true,"href":"https:\/\/plocegateway.com.hr\/index.php?rest_route=\/wp\/v2\/users\/1"}],"replies":[{"embeddable":true,"href":"https:\/\/plocegateway.com.hr\/index.php?rest_route=%2Fwp%2Fv2%2Fcomments&post=405"}],"version-history":[{"count":23,"href":"https:\/\/plocegateway.com.hr\/index.php?rest_route=\/wp\/v2\/pages\/405\/revisions"}],"predecessor-version":[{"id":503,"href":"https:\/\/plocegateway.com.hr\/index.php?rest_route=\/wp\/v2\/pages\/405\/revisions\/503"}],"wp:attachment":[{"href":"https:\/\/plocegateway.com.hr\/index.php?rest_route=%2Fwp%2Fv2%2Fmedia&parent=405"}],"curies":[{"name":"wp","href":"https:\/\/api.w.org\/{rel}","templated":true}]}}