{"id":842,"date":"2026-04-27T21:33:19","date_gmt":"2026-04-27T21:33:19","guid":{"rendered":"https:\/\/plocegateway.com.hr\/?page_id=842"},"modified":"2026-04-27T21:40:19","modified_gmt":"2026-04-27T21:40:19","slug":"ciro","status":"publish","type":"page","link":"https:\/\/plocegateway.com.hr\/?page_id=842","title":{"rendered":"\u0106iro"},"content":{"rendered":"\t\t<div data-elementor-type=\"wp-page\" data-elementor-id=\"842\" class=\"elementor elementor-842\">\n\t\t\t\t<div class=\"elementor-element elementor-element-55da9f4 e-flex e-con-boxed e-con e-parent\" data-id=\"55da9f4\" data-element_type=\"container\" data-e-type=\"container\">\n\t\t\t\t\t<div class=\"e-con-inner\">\n\t\t\t\t<div class=\"elementor-element elementor-element-f08621f elementor-widget elementor-widget-text-editor\" data-id=\"f08621f\" data-element_type=\"widget\" data-e-type=\"widget\" data-widget_type=\"text-editor.default\">\n\t\t\t\t\t\t\t\t\t<h3><strong>\u0106iro<\/strong><\/h3><p>\u0106iro je sinonim za staru uskotra\u010dnu \u017eeljeznicu koja je povezivala unutra\u0161njost s morem, a u Plo\u010dama on ima poseban, gotovo emotivan status. Parna lokomotiva nije samo spomenik; to je podsjetnik da su Plo\u010de, kao moderna luka i grad, zapravo su izgra\u0111ene oko \u017eeljeznice. Bez pruge koja je spajala Bosnu i Hercegovinu s Jadranom, Plo\u010de nikada ne bi postale grad koji su danas. Pruga uskog kolosijeka (760 mm) na relaciji Sarajevo \u2013 Mostar \u2013 Metkovi\u0107 \u2013 Plo\u010de bila je \u017eila kucavica cijele regije.<\/p><p>Dionica do Plo\u010da dovr\u0161ena je usred Drugog svjetskog rata (1942.), iako je prava va\u017enost pruge procvjetala u poratno vrijeme. Vo\u017enja \u0106irom bila je spora, pra\u0161njava i bu\u010dna, ali nevjerojatno slikovita. Prolazak kroz kanjon Neretve smatrao se jednim od najljep\u0161ih \u017eeljezni\u010dkih putovanja u ovom dijelu Europe.<\/p><p>O imenu \u0106iro postoje razne teorije, ali najpopularnija je ona o popularnom imenu za strojovo\u0111e ili samu lokomotivu koja \u201e\u0107iri\u201d (viri) iza zavoja. Bez obzira na podrijetlo imena, ono je postalo univerzalni nadimak za sve uskotra\u010dne vlakove u biv\u0161oj dr\u017eavi.<\/p><p>\u0106iro je u Plo\u010de zadnji put u\u0161ao 1966. godine, kada je uskotra\u010dna pruga zamijenjena modernom prugom normalnog kolosijeka. Plo\u010de su sa\u010duvale svoj primjerak (serija 83), koji danas slu\u017ei kao savr\u0161ena kulisa za fotografije, ali i kao tihi svjedok vremena kada je \u201ecrni dijamant\u201d (ugljen) prolazio kroz grad.<\/p><p>Ta lokomotiva, projektirana u ranom 20. stolje\u0107u (oko 1903. godine) za potrebe Bosansko-hercegova\u010dkih dr\u017eavnih \u017eeljeznica (BH\u017d), nije bila samo stroj; bila je vrhunac in\u017eenjerstva prilago\u0111en surovom terenu kr\u0161a i uskih kanjona.<\/p>\t\t\t\t\t\t\t\t<\/div>\n\t\t\t\t\t<\/div>\n\t\t\t\t<\/div>\n\t\t<div class=\"elementor-element elementor-element-733ffa45 e-flex e-con-boxed e-con e-parent\" data-id=\"733ffa45\" data-element_type=\"container\" data-e-type=\"container\">\n\t\t\t\t\t<div class=\"e-con-inner\">\n\t\t<div class=\"elementor-element elementor-element-100aa109 e-con-full e-flex e-con e-child\" data-id=\"100aa109\" data-element_type=\"container\" data-e-type=\"container\">\n\t\t\t\t<div class=\"elementor-element elementor-element-29714385 elementor-widget elementor-widget-image\" data-id=\"29714385\" data-element_type=\"widget\" data-e-type=\"widget\" data-widget_type=\"image.default\">\n\t\t\t\t\t\t\t\t\t\t\t\t\t\t\t<img fetchpriority=\"high\" decoding=\"async\" width=\"1024\" height=\"1024\" src=\"https:\/\/plocegateway.com.hr\/wp-content\/uploads\/2026\/04\/ploce_logo-1024x1024.png\" class=\"attachment-large size-large wp-image-787\" alt=\"\" srcset=\"https:\/\/plocegateway.com.hr\/wp-content\/uploads\/2026\/04\/ploce_logo-1024x1024.png 1024w, https:\/\/plocegateway.com.hr\/wp-content\/uploads\/2026\/04\/ploce_logo-300x300.png 300w, https:\/\/plocegateway.com.hr\/wp-content\/uploads\/2026\/04\/ploce_logo-150x150.png 150w, https:\/\/plocegateway.com.hr\/wp-content\/uploads\/2026\/04\/ploce_logo-768x768.png 768w, https:\/\/plocegateway.com.hr\/wp-content\/uploads\/2026\/04\/ploce_logo.png 1254w\" sizes=\"(max-width: 1024px) 100vw, 1024px\" \/>\t\t\t\t\t\t\t\t\t\t\t\t\t\t\t<\/div>\n\t\t\t\t<div class=\"elementor-element elementor-element-476d2753 elementor-widget elementor-widget-text-editor\" data-id=\"476d2753\" data-element_type=\"widget\" data-e-type=\"widget\" data-widget_type=\"text-editor.default\">\n\t\t\t\t\t\t\t\t\t<h5 style=\"text-align: center;\">Lokalna ba\u0161tina i identitet<\/h5><p style=\"text-align: left;\">Predstavljanje kulturnih vrijednosti, lokalne tradicije, \u017eivota uz luku i povezanosti grada s prostorom delte.<\/p>\t\t\t\t\t\t\t\t<\/div>\n\t\t\t\t<\/div>\n\t\t<div class=\"elementor-element elementor-element-66be0fc2 e-con-full e-flex e-con e-child\" data-id=\"66be0fc2\" data-element_type=\"container\" data-e-type=\"container\">\n\t\t\t\t<div class=\"elementor-element elementor-element-4329b155 elementor-widget elementor-widget-image\" data-id=\"4329b155\" data-element_type=\"widget\" data-e-type=\"widget\" data-widget_type=\"image.default\">\n\t\t\t\t\t\t\t\t\t\t\t\t\t\t\t<img decoding=\"async\" width=\"1024\" height=\"1024\" src=\"https:\/\/plocegateway.com.hr\/wp-content\/uploads\/2026\/04\/bacina_logo-1024x1024.png\" class=\"attachment-large size-large wp-image-780\" alt=\"\" srcset=\"https:\/\/plocegateway.com.hr\/wp-content\/uploads\/2026\/04\/bacina_logo-1024x1024.png 1024w, https:\/\/plocegateway.com.hr\/wp-content\/uploads\/2026\/04\/bacina_logo-300x300.png 300w, https:\/\/plocegateway.com.hr\/wp-content\/uploads\/2026\/04\/bacina_logo-150x150.png 150w, https:\/\/plocegateway.com.hr\/wp-content\/uploads\/2026\/04\/bacina_logo-768x768.png 768w, https:\/\/plocegateway.com.hr\/wp-content\/uploads\/2026\/04\/bacina_logo.png 1254w\" sizes=\"(max-width: 1024px) 100vw, 1024px\" \/>\t\t\t\t\t\t\t\t\t\t\t\t\t\t\t<\/div>\n\t\t\t\t<div class=\"elementor-element elementor-element-281f4f34 elementor-widget elementor-widget-text-editor\" data-id=\"281f4f34\" data-element_type=\"widget\" data-e-type=\"widget\" data-widget_type=\"text-editor.default\">\n\t\t\t\t\t\t\t\t\t<h5 style=\"text-align: center;\">Ba\u0107inska jezera<\/h5><p>Jedna od najprepoznatljivijih prirodnih atrakcija podru\u010dja, pogodna za odmor, rekreaciju i do\u017eivljaj netaknute prirode.<\/p>\t\t\t\t\t\t\t\t<\/div>\n\t\t\t\t<\/div>\n\t\t<div class=\"elementor-element elementor-element-75b44c2 e-con-full e-flex e-con e-child\" data-id=\"75b44c2\" data-element_type=\"container\" data-e-type=\"container\">\n\t\t\t\t<div class=\"elementor-element elementor-element-44bb47d8 elementor-widget elementor-widget-image\" data-id=\"44bb47d8\" data-element_type=\"widget\" data-e-type=\"widget\" data-widget_type=\"image.default\">\n\t\t\t\t\t\t\t\t\t\t\t\t\t\t\t<img decoding=\"async\" width=\"1024\" height=\"1024\" src=\"https:\/\/plocegateway.com.hr\/wp-content\/uploads\/2026\/04\/trovro_logo-1024x1024.png\" class=\"attachment-large size-large wp-image-792\" alt=\"\" srcset=\"https:\/\/plocegateway.com.hr\/wp-content\/uploads\/2026\/04\/trovro_logo-1024x1024.png 1024w, https:\/\/plocegateway.com.hr\/wp-content\/uploads\/2026\/04\/trovro_logo-300x300.png 300w, https:\/\/plocegateway.com.hr\/wp-content\/uploads\/2026\/04\/trovro_logo-150x150.png 150w, https:\/\/plocegateway.com.hr\/wp-content\/uploads\/2026\/04\/trovro_logo-768x768.png 768w, https:\/\/plocegateway.com.hr\/wp-content\/uploads\/2026\/04\/trovro_logo.png 1254w\" sizes=\"(max-width: 1024px) 100vw, 1024px\" \/>\t\t\t\t\t\t\t\t\t\t\t\t\t\t\t<\/div>\n\t\t\t\t<div class=\"elementor-element elementor-element-64a7ffa elementor-widget elementor-widget-text-editor\" data-id=\"64a7ffa\" data-element_type=\"widget\" data-e-type=\"widget\" data-widget_type=\"text-editor.default\">\n\t\t\t\t\t\t\t\t\t<h5 style=\"text-align: center;\">Outdoor do\u017eivljaji<\/h5><p>Biciklizam, \u0161etnice, panoramske to\u010dke i sadr\u017eaji za posjetitelje koji \u017eele aktivno istra\u017eivati podru\u010dje grada Plo\u010da.<\/p>\t\t\t\t\t\t\t\t<\/div>\n\t\t\t\t<\/div>\n\t\t\t\t\t<\/div>\n\t\t\t\t<\/div>\n\t\t<div class=\"elementor-element elementor-element-5987b6fe e-grid e-con-boxed e-con e-parent\" data-id=\"5987b6fe\" data-element_type=\"container\" data-e-type=\"container\">\n\t\t\t\t\t<div class=\"e-con-inner\">\n\t\t\t\t<div class=\"elementor-element elementor-element-59d75a7b elementor-widget elementor-widget-text-editor\" data-id=\"59d75a7b\" data-element_type=\"widget\" data-e-type=\"widget\" data-widget_type=\"text-editor.default\">\n\t\t\t\t\t\t\t\t\t<h3 class=\"section-title\" style=\"text-align: center;\">O projektu<\/h3><p class=\"section-subtitle\">Ova web platforma razvija se kao sredi\u0161nje mjesto za predstavljanje turisti\u010dkih vrijednosti grada Plo\u010da, s naglaskom na bolju vidljivost lokalnih atrakcija, lak\u0161u dostupnost informacija i moderniji pristup promociji destinacije.<\/p><ul class=\"highlight-list\"><li>digitalna prezentacija turisti\u010dkih lokacija i sadr\u017eaja<\/li><li>interaktivna karta i pregled destinacija po kategorijama<\/li><li>ja\u010danje prepoznatljivosti grada Plo\u010da kao turisti\u010dke destinacije<\/li><li>povezivanje lokalne zajednice, posjetitelja i projektnih partnera<\/li><\/ul>\t\t\t\t\t\t\t\t<\/div>\n\t\t\t\t<div class=\"elementor-element elementor-element-50895d2c elementor-widget elementor-widget-text-editor\" data-id=\"50895d2c\" data-element_type=\"widget\" data-e-type=\"widget\" data-widget_type=\"text-editor.default\">\n\t\t\t\t\t\t\t\t\t<h3 style=\"text-align: center;\">Osnovne informacije<\/h3><p><strong>Naziv projekta:<\/strong><br \/>Inovativni pristup turisti\u010dkim destinacijama grada Plo\u010da<\/p><p><strong>Podru\u010dje:<\/strong><br \/>Grad Plo\u010de i okolne destinacije<\/p><p><strong>Fokus:<\/strong><br \/>turizam, digitalizacija, promocija destinacije<\/p><p><strong>Status:<\/strong><br \/>u izradi \/ priprema sadr\u017eaja<\/p>\t\t\t\t\t\t\t\t<\/div>\n\t\t\t\t<div class=\"elementor-element elementor-element-e8f0383 elementor-widget elementor-widget-text-editor\" data-id=\"e8f0383\" data-element_type=\"widget\" data-e-type=\"widget\" data-widget_type=\"text-editor.default\">\n\t\t\t\t\t\t\t\t\t<h3 class=\"section-title\" style=\"text-align: center;\">Kontakt<\/h3><p class=\"section-subtitle\">Za dodatne informacije o projektu, suradnji ili turisti\u010dkoj ponudi grada Plo\u010da, javite nam se putem kontakt podataka ili obrasca.<\/p><ul class=\"contact-list\"><li><strong>Adresa:<\/strong> Tina Ujevi\u0107a 5 20340 Plo\u010de \/ ured projekta<\/li><li><strong>E-mail:<\/strong> <a href=\"mailto:info@plocegateway.com.hr\" target=\"_blank\" rel=\"noopener\">info@plocegateway.com.hr<\/a><\/li><li><strong>Telefon:<\/strong> +385 (0)20 679 139<\/li><\/ul>\t\t\t\t\t\t\t\t<\/div>\n\t\t\t\t<div class=\"elementor-element elementor-element-5745ab0c elementor-widget elementor-widget-image\" data-id=\"5745ab0c\" data-element_type=\"widget\" data-e-type=\"widget\" data-widget_type=\"image.default\">\n\t\t\t\t\t\t\t\t\t\t\t\t\t\t\t<img loading=\"lazy\" decoding=\"async\" width=\"1024\" height=\"683\" src=\"https:\/\/plocegateway.com.hr\/wp-content\/uploads\/2026\/04\/logo_nositelj-1-1024x683.png\" class=\"attachment-large size-large wp-image-650\" alt=\"\" srcset=\"https:\/\/plocegateway.com.hr\/wp-content\/uploads\/2026\/04\/logo_nositelj-1-1024x683.png 1024w, https:\/\/plocegateway.com.hr\/wp-content\/uploads\/2026\/04\/logo_nositelj-1-300x200.png 300w, https:\/\/plocegateway.com.hr\/wp-content\/uploads\/2026\/04\/logo_nositelj-1-768x512.png 768w, https:\/\/plocegateway.com.hr\/wp-content\/uploads\/2026\/04\/logo_nositelj-1.png 1536w\" sizes=\"(max-width: 1024px) 100vw, 1024px\" \/>\t\t\t\t\t\t\t\t\t\t\t\t\t\t\t<\/div>\n\t\t\t\t<div class=\"elementor-element elementor-element-635d22c9 elementor-widget elementor-widget-text-editor\" data-id=\"635d22c9\" data-element_type=\"widget\" data-e-type=\"widget\" data-widget_type=\"text-editor.default\">\n\t\t\t\t\t\t\t\t\t<h5 style=\"text-align: center;\"><strong>LOGO NOSITELJA<\/strong><\/h5>\t\t\t\t\t\t\t\t<\/div>\n\t\t\t\t<div class=\"elementor-element elementor-element-60ea7b7f elementor-widget elementor-widget-text-editor\" data-id=\"60ea7b7f\" data-element_type=\"widget\" data-e-type=\"widget\" data-widget_type=\"text-editor.default\">\n\t\t\t\t\t\t\t\t\t<h5 style=\"text-align: center;\"><strong>LOGO PARTNERA<\/strong><\/h5>\t\t\t\t\t\t\t\t<\/div>\n\t\t\t\t\t<\/div>\n\t\t\t\t<\/div>\n\t\t\t\t<\/div>\n\t\t","protected":false},"excerpt":{"rendered":"<p>\u0106iro \u0106iro je sinonim za staru uskotra\u010dnu \u017eeljeznicu koja je povezivala unutra\u0161njost s morem, a u Plo\u010dama on ima poseban, [&hellip;]<\/p>\n","protected":false},"author":1,"featured_media":0,"parent":0,"menu_order":0,"comment_status":"closed","ping_status":"closed","template":"","meta":{"site-sidebar-layout":"no-sidebar","site-content-layout":"","ast-site-content-layout":"full-width-container","site-content-style":"default","site-sidebar-style":"default","ast-global-header-display":"","ast-banner-title-visibility":"","ast-main-header-display":"","ast-hfb-above-header-display":"","ast-hfb-below-header-display":"","ast-hfb-mobile-header-display":"","site-post-title":"disabled","ast-breadcrumbs-content":"","ast-featured-img":"disabled","footer-sml-layout":"","ast-disable-related-posts":"","theme-transparent-header-meta":"","adv-header-id-meta":"","stick-header-meta":"","header-above-stick-meta":"","header-main-stick-meta":"","header-below-stick-meta":"","astra-migrate-meta-layouts":"default","ast-page-background-enabled":"default","ast-page-background-meta":{"desktop":{"background-color":"var(--ast-global-color-5)","background-image":"","background-repeat":"repeat","background-position":"center center","background-size":"auto","background-attachment":"scroll","background-type":"","background-media":"","overlay-type":"","overlay-color":"","overlay-opacity":"","overlay-gradient":""},"tablet":{"background-color":"","background-image":"","background-repeat":"repeat","background-position":"center center","background-size":"auto","background-attachment":"scroll","background-type":"","background-media":"","overlay-type":"","overlay-color":"","overlay-opacity":"","overlay-gradient":""},"mobile":{"background-color":"","background-image":"","background-repeat":"repeat","background-position":"center center","background-size":"auto","background-attachment":"scroll","background-type":"","background-media":"","overlay-type":"","overlay-color":"","overlay-opacity":"","overlay-gradient":""}},"ast-content-background-meta":{"desktop":{"background-color":"var(--ast-global-color-4)","background-image":"","background-repeat":"repeat","background-position":"center center","background-size":"auto","background-attachment":"scroll","background-type":"","background-media":"","overlay-type":"","overlay-color":"","overlay-opacity":"","overlay-gradient":""},"tablet":{"background-color":"var(--ast-global-color-4)","background-image":"","background-repeat":"repeat","background-position":"center center","background-size":"auto","background-attachment":"scroll","background-type":"","background-media":"","overlay-type":"","overlay-color":"","overlay-opacity":"","overlay-gradient":""},"mobile":{"background-color":"var(--ast-global-color-4)","background-image":"","background-repeat":"repeat","background-position":"center center","background-size":"auto","background-attachment":"scroll","background-type":"","background-media":"","overlay-type":"","overlay-color":"","overlay-opacity":"","overlay-gradient":""}},"footnotes":""},"class_list":["post-842","page","type-page","status-publish","hentry"],"yoast_head":"<!-- This site is optimized with the Yoast SEO plugin v27.5 - https:\/\/yoast.com\/product\/yoast-seo-wordpress\/ -->\n<title>\u0106iro - plocegateway.com.hr<\/title>\n<meta name=\"robots\" content=\"index, follow, max-snippet:-1, max-image-preview:large, max-video-preview:-1\" \/>\n<link rel=\"canonical\" href=\"https:\/\/plocegateway.com.hr\/?page_id=842\" \/>\n<meta property=\"og:locale\" content=\"hr_HR\" \/>\n<meta property=\"og:type\" content=\"article\" \/>\n<meta property=\"og:title\" content=\"\u0106iro - plocegateway.com.hr\" \/>\n<meta property=\"og:description\" content=\"\u0106iro \u0106iro je sinonim za staru uskotra\u010dnu \u017eeljeznicu koja je povezivala unutra\u0161njost s morem, a u Plo\u010dama on ima poseban, [&hellip;]\" \/>\n<meta property=\"og:url\" content=\"https:\/\/plocegateway.com.hr\/?page_id=842\" \/>\n<meta property=\"og:site_name\" content=\"plocegateway.com.hr\" \/>\n<meta property=\"article:modified_time\" content=\"2026-04-27T21:40:19+00:00\" \/>\n<meta property=\"og:image\" content=\"http:\/\/plocegateway.com.hr\/wp-content\/uploads\/2026\/04\/ploce_logo-1024x1024.png\" \/>\n<meta name=\"twitter:card\" content=\"summary_large_image\" \/>\n<meta name=\"twitter:label1\" content=\"Procijenjeno vrijeme \u010ditanja\" \/>\n\t<meta name=\"twitter:data1\" content=\"4 minute\" \/>\n<script type=\"application\/ld+json\" class=\"yoast-schema-graph\">{\"@context\":\"https:\\\/\\\/schema.org\",\"@graph\":[{\"@type\":\"WebPage\",\"@id\":\"https:\\\/\\\/plocegateway.com.hr\\\/?page_id=842\",\"url\":\"https:\\\/\\\/plocegateway.com.hr\\\/?page_id=842\",\"name\":\"\u0106iro - plocegateway.com.hr\",\"isPartOf\":{\"@id\":\"https:\\\/\\\/plocegateway.com.hr\\\/#website\"},\"primaryImageOfPage\":{\"@id\":\"https:\\\/\\\/plocegateway.com.hr\\\/?page_id=842#primaryimage\"},\"image\":{\"@id\":\"https:\\\/\\\/plocegateway.com.hr\\\/?page_id=842#primaryimage\"},\"thumbnailUrl\":\"http:\\\/\\\/plocegateway.com.hr\\\/wp-content\\\/uploads\\\/2026\\\/04\\\/ploce_logo-1024x1024.png\",\"datePublished\":\"2026-04-27T21:33:19+00:00\",\"dateModified\":\"2026-04-27T21:40:19+00:00\",\"breadcrumb\":{\"@id\":\"https:\\\/\\\/plocegateway.com.hr\\\/?page_id=842#breadcrumb\"},\"inLanguage\":\"hr\",\"potentialAction\":[{\"@type\":\"ReadAction\",\"target\":[\"https:\\\/\\\/plocegateway.com.hr\\\/?page_id=842\"]}]},{\"@type\":\"ImageObject\",\"inLanguage\":\"hr\",\"@id\":\"https:\\\/\\\/plocegateway.com.hr\\\/?page_id=842#primaryimage\",\"url\":\"https:\\\/\\\/plocegateway.com.hr\\\/wp-content\\\/uploads\\\/2026\\\/04\\\/ploce_logo.png\",\"contentUrl\":\"https:\\\/\\\/plocegateway.com.hr\\\/wp-content\\\/uploads\\\/2026\\\/04\\\/ploce_logo.png\",\"width\":1254,\"height\":1254},{\"@type\":\"BreadcrumbList\",\"@id\":\"https:\\\/\\\/plocegateway.com.hr\\\/?page_id=842#breadcrumb\",\"itemListElement\":[{\"@type\":\"ListItem\",\"position\":1,\"name\":\"Po\u010detna stranica\",\"item\":\"https:\\\/\\\/plocegateway.com.hr\\\/\"},{\"@type\":\"ListItem\",\"position\":2,\"name\":\"\u0106iro\"}]},{\"@type\":\"WebSite\",\"@id\":\"https:\\\/\\\/plocegateway.com.hr\\\/#website\",\"url\":\"https:\\\/\\\/plocegateway.com.hr\\\/\",\"name\":\"plocegateway.com.hr\",\"description\":\"Vrata doline Neretve\",\"potentialAction\":[{\"@type\":\"SearchAction\",\"target\":{\"@type\":\"EntryPoint\",\"urlTemplate\":\"https:\\\/\\\/plocegateway.com.hr\\\/?s={search_term_string}\"},\"query-input\":{\"@type\":\"PropertyValueSpecification\",\"valueRequired\":true,\"valueName\":\"search_term_string\"}}],\"inLanguage\":\"hr\"}]}<\/script>\n<!-- \/ Yoast SEO plugin. -->","yoast_head_json":{"title":"\u0106iro - plocegateway.com.hr","robots":{"index":"index","follow":"follow","max-snippet":"max-snippet:-1","max-image-preview":"max-image-preview:large","max-video-preview":"max-video-preview:-1"},"canonical":"https:\/\/plocegateway.com.hr\/?page_id=842","og_locale":"hr_HR","og_type":"article","og_title":"\u0106iro - plocegateway.com.hr","og_description":"\u0106iro \u0106iro je sinonim za staru uskotra\u010dnu \u017eeljeznicu koja je povezivala unutra\u0161njost s morem, a u Plo\u010dama on ima poseban, [&hellip;]","og_url":"https:\/\/plocegateway.com.hr\/?page_id=842","og_site_name":"plocegateway.com.hr","article_modified_time":"2026-04-27T21:40:19+00:00","og_image":[{"url":"http:\/\/plocegateway.com.hr\/wp-content\/uploads\/2026\/04\/ploce_logo-1024x1024.png","type":"","width":"","height":""}],"twitter_card":"summary_large_image","twitter_misc":{"Procijenjeno vrijeme \u010ditanja":"4 minute"},"schema":{"@context":"https:\/\/schema.org","@graph":[{"@type":"WebPage","@id":"https:\/\/plocegateway.com.hr\/?page_id=842","url":"https:\/\/plocegateway.com.hr\/?page_id=842","name":"\u0106iro - plocegateway.com.hr","isPartOf":{"@id":"https:\/\/plocegateway.com.hr\/#website"},"primaryImageOfPage":{"@id":"https:\/\/plocegateway.com.hr\/?page_id=842#primaryimage"},"image":{"@id":"https:\/\/plocegateway.com.hr\/?page_id=842#primaryimage"},"thumbnailUrl":"http:\/\/plocegateway.com.hr\/wp-content\/uploads\/2026\/04\/ploce_logo-1024x1024.png","datePublished":"2026-04-27T21:33:19+00:00","dateModified":"2026-04-27T21:40:19+00:00","breadcrumb":{"@id":"https:\/\/plocegateway.com.hr\/?page_id=842#breadcrumb"},"inLanguage":"hr","potentialAction":[{"@type":"ReadAction","target":["https:\/\/plocegateway.com.hr\/?page_id=842"]}]},{"@type":"ImageObject","inLanguage":"hr","@id":"https:\/\/plocegateway.com.hr\/?page_id=842#primaryimage","url":"https:\/\/plocegateway.com.hr\/wp-content\/uploads\/2026\/04\/ploce_logo.png","contentUrl":"https:\/\/plocegateway.com.hr\/wp-content\/uploads\/2026\/04\/ploce_logo.png","width":1254,"height":1254},{"@type":"BreadcrumbList","@id":"https:\/\/plocegateway.com.hr\/?page_id=842#breadcrumb","itemListElement":[{"@type":"ListItem","position":1,"name":"Po\u010detna stranica","item":"https:\/\/plocegateway.com.hr\/"},{"@type":"ListItem","position":2,"name":"\u0106iro"}]},{"@type":"WebSite","@id":"https:\/\/plocegateway.com.hr\/#website","url":"https:\/\/plocegateway.com.hr\/","name":"plocegateway.com.hr","description":"Vrata doline Neretve","potentialAction":[{"@type":"SearchAction","target":{"@type":"EntryPoint","urlTemplate":"https:\/\/plocegateway.com.hr\/?s={search_term_string}"},"query-input":{"@type":"PropertyValueSpecification","valueRequired":true,"valueName":"search_term_string"}}],"inLanguage":"hr"}]}},"_links":{"self":[{"href":"https:\/\/plocegateway.com.hr\/index.php?rest_route=\/wp\/v2\/pages\/842","targetHints":{"allow":["GET"]}}],"collection":[{"href":"https:\/\/plocegateway.com.hr\/index.php?rest_route=\/wp\/v2\/pages"}],"about":[{"href":"https:\/\/plocegateway.com.hr\/index.php?rest_route=\/wp\/v2\/types\/page"}],"author":[{"embeddable":true,"href":"https:\/\/plocegateway.com.hr\/index.php?rest_route=\/wp\/v2\/users\/1"}],"replies":[{"embeddable":true,"href":"https:\/\/plocegateway.com.hr\/index.php?rest_route=%2Fwp%2Fv2%2Fcomments&post=842"}],"version-history":[{"count":7,"href":"https:\/\/plocegateway.com.hr\/index.php?rest_route=\/wp\/v2\/pages\/842\/revisions"}],"predecessor-version":[{"id":850,"href":"https:\/\/plocegateway.com.hr\/index.php?rest_route=\/wp\/v2\/pages\/842\/revisions\/850"}],"wp:attachment":[{"href":"https:\/\/plocegateway.com.hr\/index.php?rest_route=%2Fwp%2Fv2%2Fmedia&parent=842"}],"curies":[{"name":"wp","href":"https:\/\/api.w.org\/{rel}","templated":true}]}}